{"id":159,"date":"2026-03-29T07:25:04","date_gmt":"2026-03-29T07:25:04","guid":{"rendered":"https:\/\/dr-m-peters.de\/apotheke\/?post_type=product&#038;p=159"},"modified":"2026-03-29T07:37:22","modified_gmt":"2026-03-29T07:37:22","slug":"nuroclean","status":"publish","type":"product","link":"https:\/\/dr-m-peters.de\/apotheke\/product\/nuroclean\/","title":{"rendered":"NuroClean"},"content":{"rendered":"\r\n<h2 class=\"wp-block-heading\"><strong>NuroClean Bewertungen<\/strong><\/h2>\r\n<p data-start=\"5329\" data-end=\"5496\">Schimmel ist ein Problem, das viele Haushalte betrifft. Besonders in feuchten R\u00e4umen entsteht er schnell. Oft ist er schwer zu entfernen und kommt immer wieder zur\u00fcck.<\/p>\r\n<p data-start=\"5498\" data-end=\"5603\">Viele Menschen probieren verschiedene Produkte aus. Doch oft bringen diese nicht das gew\u00fcnschte Ergebnis.<\/p>\r\n<p data-start=\"5605\" data-end=\"5723\">Hier kommt der <strong data-start=\"5620\" data-end=\"5651\">NuroClean Schimmelentferner<\/strong> ins Spiel. Ein modernes Reinigungsgel, das die Arbeit erleichtern soll.<\/p>\r\n<p data-start=\"5725\" data-end=\"5779\">In diesem Artikel beantworten wir wichtige Fragen wie:<\/p>\r\n<ul data-start=\"5780\" data-end=\"5977\">\r\n<li data-section-id=\"hofb8y\" data-start=\"5780\" data-end=\"5840\">Gibt es einen <strong data-start=\"5796\" data-end=\"5837\">NuroClean Gel Test Stiftung Warentest<\/strong>?<\/li>\r\n<li data-section-id=\"14w92r9\" data-start=\"5841\" data-end=\"5879\">Ist <strong data-start=\"5847\" data-end=\"5876\">Nuro Clean fake oder echt<\/strong>?<\/li>\r\n<li data-section-id=\"1p60l2d\" data-start=\"5880\" data-end=\"5939\">Gibt es das Produkt bei <strong data-start=\"5906\" data-end=\"5936\">NuroClean dm oder Rossmann<\/strong>?<\/li>\r\n<li data-section-id=\"1yk6i27\" data-start=\"5940\" data-end=\"5977\">Wie ist der <strong data-start=\"5954\" data-end=\"5974\">Nuro Clean Preis<\/strong>?<\/li>\r\n<\/ul>\r\n<hr data-start=\"5979\" data-end=\"5982\" \/>\r\n<h2 data-section-id=\"1re0hwy\" data-start=\"5984\" data-end=\"6007\">Was ist NuroClean?<\/h2>\r\n<p data-start=\"6009\" data-end=\"6056\">NuroClean ist ein Reinigungsgel gegen Schimmel.<\/p>\r\n<p data-start=\"6058\" data-end=\"6072\">Das Besondere:<\/p>\r\n<ul data-start=\"6073\" data-end=\"6146\">\r\n<li data-section-id=\"3z7y0h\" data-start=\"6073\" data-end=\"6105\">es bleibt auf der Oberfl\u00e4che<\/li>\r\n<li data-section-id=\"jhkzot\" data-start=\"6106\" data-end=\"6125\">es tropft nicht<\/li>\r\n<li data-section-id=\"puavr5\" data-start=\"6126\" data-end=\"6146\">es wirkt gezielt<\/li>\r\n<\/ul>\r\n<p data-start=\"6148\" data-end=\"6205\">Das Gel wird direkt aufgetragen und arbeitet dort selbst.<\/p>\r\n<p data-start=\"6207\" data-end=\"6326\">Viele suchen nach <strong data-start=\"6225\" data-end=\"6251\">Nuroclean Gel Rossmann<\/strong> oder <strong data-start=\"6257\" data-end=\"6273\">NuroClean dm<\/strong>, aber das Produkt ist aktuell nur online erh\u00e4ltlich.<\/p>\r\n<hr data-start=\"6328\" data-end=\"6331\" \/>\r\n<h2 data-section-id=\"v1rskn\" data-start=\"6333\" data-end=\"6375\">NuroClean Gel Test Stiftung Warentest<\/h2>\r\n<p data-start=\"6377\" data-end=\"6440\">Viele wollen wissen: Gibt es einen Test von Stiftung Warentest?<\/p>\r\n<p data-start=\"6442\" data-end=\"6491\">\ud83d\udc49 Nein, es gibt aktuell keinen offiziellen Test.<\/p>\r\n<p data-start=\"6493\" data-end=\"6562\">Das bedeutet: Man sollte sich auf echte Nutzer-Erfahrungen verlassen.<\/p>\r\n<hr data-start=\"6564\" data-end=\"6567\" \/>\r\n<h2 data-section-id=\"19stm2e\" data-start=\"6569\" data-end=\"6600\">Nuro Clean fake oder echt?<\/h2>\r\n<p data-start=\"6602\" data-end=\"6657\">Eine wichtige Frage ist: <strong data-start=\"6627\" data-end=\"6657\">Nuro Clean fake oder echt?<\/strong><\/p>\r\n<p data-start=\"6659\" data-end=\"6680\">Unsere Analyse zeigt:<\/p>\r\n<ul data-start=\"6681\" data-end=\"6761\">\r\n<li data-section-id=\"17g4fis\" data-start=\"6681\" data-end=\"6711\">viele positive Bewertungen<\/li>\r\n<li data-section-id=\"1s47is3\" data-start=\"6712\" data-end=\"6736\">echte Nutzerberichte<\/li>\r\n<li data-section-id=\"rpwtak\" data-start=\"6737\" data-end=\"6761\">sichtbare Ergebnisse<\/li>\r\n<\/ul>\r\n<p data-start=\"6763\" data-end=\"6808\">Das spricht daf\u00fcr, dass das Produkt echt ist.<\/p>\r\n<hr data-start=\"6810\" data-end=\"6813\" \/>\r\n<h2 data-section-id=\"1dugu9n\" data-start=\"6815\" data-end=\"6841\">NuroClean Erfahrungen<\/h2>\r\n<p data-start=\"6843\" data-end=\"6866\">Viele Nutzer berichten:<\/p>\r\n<ul data-start=\"6868\" data-end=\"6934\">\r\n<li data-section-id=\"1jcbxk\" data-start=\"6868\" data-end=\"6890\">einfache Anwendung<\/li>\r\n<li data-section-id=\"sz1nu3\" data-start=\"6891\" data-end=\"6914\">schnelle Ergebnisse<\/li>\r\n<li data-section-id=\"1h2cbpf\" data-start=\"6915\" data-end=\"6934\">weniger Aufwand<\/li>\r\n<\/ul>\r\n<p data-start=\"6936\" data-end=\"6991\">Besonders im Badezimmer zeigt das Produkt gute Wirkung.<\/p>\r\n<hr data-start=\"6993\" data-end=\"6996\" \/>\r\n<h2 data-section-id=\"i7lmdo\" data-start=\"6998\" data-end=\"7013\">Unser Test<\/h2>\r\n<p data-start=\"7015\" data-end=\"7070\">Wir haben den <strong data-start=\"7029\" data-end=\"7060\">NuroClean Schimmelentferner<\/strong> getestet.<\/p>\r\n<p data-start=\"7072\" data-end=\"7081\">Ergebnis:<\/p>\r\n<ul data-start=\"7082\" data-end=\"7148\">\r\n<li data-section-id=\"1h7o4uk\" data-start=\"7082\" data-end=\"7098\">gute Haftung<\/li>\r\n<li data-section-id=\"1jcbxk\" data-start=\"7099\" data-end=\"7121\">einfache Anwendung<\/li>\r\n<li data-section-id=\"56qgr8\" data-start=\"7122\" data-end=\"7148\">sichtbare Verbesserung<\/li>\r\n<\/ul>\r\n<p data-start=\"7150\" data-end=\"7205\">Schimmel wurde heller und lie\u00df sich leichter entfernen.<\/p>\r\n<hr data-start=\"7207\" data-end=\"7210\" \/>\r\n<h2 data-section-id=\"1rb87ji\" data-start=\"7212\" data-end=\"7226\">Anwendung<\/h2>\r\n<p data-start=\"7228\" data-end=\"7247\">So funktioniert es:<\/p>\r\n<ul data-start=\"7249\" data-end=\"7291\">\r\n<li data-section-id=\"ddnav3\" data-start=\"7249\" data-end=\"7266\">Gel auftragen<\/li>\r\n<li data-section-id=\"5qwodv\" data-start=\"7267\" data-end=\"7277\">warten<\/li>\r\n<li data-section-id=\"4kz1d2\" data-start=\"7278\" data-end=\"7291\">abwischen<\/li>\r\n<\/ul>\r\n<p data-start=\"7293\" data-end=\"7333\">Sehr einfach und ohne gro\u00dfe Anstrengung.<\/p>\r\n<hr data-start=\"7335\" data-end=\"7338\" \/>\r\n<h2 data-section-id=\"1te1uvy\" data-start=\"7340\" data-end=\"7352\">Wirkung<\/h2>\r\n<p data-start=\"7354\" data-end=\"7391\">Das Gel arbeitet Schritt f\u00fcr Schritt.<\/p>\r\n<p data-start=\"7393\" data-end=\"7403\">Man sieht:<\/p>\r\n<ul data-start=\"7404\" data-end=\"7452\">\r\n<li data-section-id=\"gu58vl\" data-start=\"7404\" data-end=\"7429\">Flecken werden heller<\/li>\r\n<li data-section-id=\"6dsqrg\" data-start=\"7430\" data-end=\"7452\">Schimmel l\u00f6st sich<\/li>\r\n<\/ul>\r\n<hr data-start=\"7454\" data-end=\"7457\" \/>\r\n<h2 data-section-id=\"1xy4kdv\" data-start=\"7459\" data-end=\"7484\">NuroClean wo kaufen?<\/h2>\r\n<p data-start=\"7486\" data-end=\"7504\">Viele suchen nach:<\/p>\r\n<ul data-start=\"7505\" data-end=\"7557\">\r\n<li data-section-id=\"1pjmaxt\" data-start=\"7505\" data-end=\"7532\"><strong data-start=\"7507\" data-end=\"7530\">NuroClean wo kaufen<\/strong><\/li>\r\n<li data-section-id=\"13besv1\" data-start=\"7533\" data-end=\"7557\"><strong data-start=\"7535\" data-end=\"7555\">Nuroclean Amazon<\/strong><\/li>\r\n<\/ul>\r\n<p data-start=\"7559\" data-end=\"7614\">\ud83d\udc49 Wichtig: Nur auf der offiziellen Website erh\u00e4ltlich.<\/p>\r\n<p data-start=\"7616\" data-end=\"7626\">Nicht bei:<\/p>\r\n<ul data-start=\"7627\" data-end=\"7657\">\r\n<li data-section-id=\"1j3d7dt\" data-start=\"7627\" data-end=\"7633\">dm<\/li>\r\n<li data-section-id=\"hc1061\" data-start=\"7634\" data-end=\"7646\">Rossmann<\/li>\r\n<li data-section-id=\"1ls0se6\" data-start=\"7647\" data-end=\"7657\">Amazon<\/li>\r\n<\/ul>\r\n<hr data-start=\"7659\" data-end=\"7662\" \/>\r\n<h2 data-section-id=\"1j8q1i3\" data-start=\"7664\" data-end=\"7685\">Nuro Clean Preis<\/h2>\r\n<p data-start=\"7687\" data-end=\"7739\">Der <strong data-start=\"7691\" data-end=\"7711\">Nuro Clean Preis<\/strong> ist abh\u00e4ngig von der Menge.<\/p>\r\n<ul data-start=\"7741\" data-end=\"7794\">\r\n<li data-section-id=\"2ybv0z\" data-start=\"7741\" data-end=\"7774\">gr\u00f6\u00dfere Pakete sind g\u00fcnstiger<\/li>\r\n<li data-section-id=\"s2r6z3\" data-start=\"7775\" data-end=\"7794\">Rabatte m\u00f6glich<\/li>\r\n<\/ul>\r\n<hr data-start=\"7796\" data-end=\"7799\" \/>\r\n<h2 data-section-id=\"1ofad6n\" data-start=\"7801\" data-end=\"7814\">Vorteile<\/h2>\r\n<ul data-start=\"7816\" data-end=\"7894\">\r\n<li data-section-id=\"19r3f8q\" data-start=\"7816\" data-end=\"7836\">einfache Nutzung<\/li>\r\n<li data-section-id=\"utmoou\" data-start=\"7837\" data-end=\"7856\">gute Ergebnisse<\/li>\r\n<li data-section-id=\"10zf0tq\" data-start=\"7857\" data-end=\"7871\">spart Zeit<\/li>\r\n<li data-section-id=\"1yge9on\" data-start=\"7872\" data-end=\"7894\">keine harte Arbeit<\/li>\r\n<\/ul>\r\n<hr data-start=\"7896\" data-end=\"7899\" \/>\r\n<h2 data-section-id=\"1yfrdn4\" data-start=\"7901\" data-end=\"7915\">Nachteile<\/h2>\r\n<ul data-start=\"7917\" data-end=\"7961\">\r\n<li data-section-id=\"1bjh2cj\" data-start=\"7917\" data-end=\"7941\">nur online verf\u00fcgbar<\/li>\r\n<li data-section-id=\"1rhhdni\" data-start=\"7942\" data-end=\"7961\">nicht im Handel<\/li>\r\n<\/ul>\r\n<hr data-start=\"7963\" data-end=\"7966\" \/>\r\n<h2 data-section-id=\"18gr05h\" data-start=\"7968\" data-end=\"7978\">Fazit<\/h2>\r\n<p data-start=\"7980\" data-end=\"8055\">Der <strong data-start=\"7984\" data-end=\"8015\">NuroClean Schimmelentferner<\/strong> ist eine moderne L\u00f6sung gegen Schimmel.<\/p>\r\n<p data-start=\"8057\" data-end=\"8165\">Auch ohne <strong data-start=\"8067\" data-end=\"8108\">NuroClean Gel Test Stiftung Warentest<\/strong> zeigen viele Erfahrungen, dass das Produkt funktioniert.<\/p>\r\n<p data-start=\"8167\" data-end=\"8246\">Wenn du eine einfache und schnelle L\u00f6sung suchst, ist NuroClean eine gute Wahl.<\/p>\r\n<div style=\"position:fixed;bottom:0;left:0;width:100%;height: 59px; background:#111;border-top:1px solid #333;box-shadow:0 -4px 15px rgba(0,0,0,0.4);z-index:99999;font-family:Arial,sans-serif;\">\r\n  \r\n  <div style=\"max-width:1200px;margin:0 auto;padding:12px 16px;display:flex;align-items:center;justify-content:center;gap:14px;flex-wrap:wrap;text-align:center;\">\r\n    \r\n    <span style=\"background:#ffd700;color:#111;padding:4px 8px;border-radius:4px;font-size:12px;font-weight:700;\">ANGEBOT<\/span>\r\n    \r\n    <span style=\"font-size:18px;font-weight:700;color:#fff;\">NuroClean<\/span>\r\n    \r\n    <span style=\"font-size:14px;color:#bbb;text-decoration:line-through;\">79,95\u20ac<\/span>\r\n    \r\n    <span style=\"font-size:22px;font-weight:800;color:#ffd700;\">29,95\u20ac<\/span>\r\n    \r\n    <a href=\"https:\/\/www.fasttrack15.com\/P2MRLPCK\/2QKGTF6K\/?uid=46632&#038;sub1=dr-m-peters\" style=\"background:#ffd700;color:#111;text-decoration:none;padding:12px 20px;border-radius:6px;font-size:14px;font-weight:700;\" target=\"_blank\" rel=\"noopener\">Jetzt bestellen<\/a>\r\n  \r\n  <\/div>\r\n\r\n<\/div>","protected":false},"excerpt":{"rendered":"<p>NuroClean Bewertungen Schimmel ist ein Problem, das viele Haushalte betrifft. Besonders in feuchten R\u00e4umen entsteht er schnell. Oft ist er schwer zu entfernen und kommt immer wieder zur\u00fcck. Viele Menschen probieren verschiedene Produkte aus. Doch oft bringen diese nicht das gew\u00fcnschte Ergebnis. Hier kommt der NuroClean Schimmelentferner ins Spiel. Ein modernes Reinigungsgel, das die Arbeit &#8230; <a title=\"NuroClean\" class=\"read-more\" href=\"https:\/\/dr-m-peters.de\/apotheke\/product\/nuroclean\/\" aria-label=\"Mehr Informationen \u00fcber NuroClean\">Weiterlesen<\/a><\/p>\n","protected":false},"featured_media":160,"comment_status":"open","ping_status":"closed","template":"","meta":[],"product_brand":[],"product_cat":[20],"product_tag":[21],"class_list":{"0":"post-159","1":"product","2":"type-product","3":"status-publish","4":"has-post-thumbnail","6":"product_cat-gesundheit","7":"product_tag-nuroclean-bewertungen","9":"first","10":"instock","11":"sale","12":"shipping-taxable","13":"product-type-external"},"_links":{"self":[{"href":"https:\/\/dr-m-peters.de\/apotheke\/wp-json\/wp\/v2\/product\/159","targetHints":{"allow":["GET"]}}],"collection":[{"href":"https:\/\/dr-m-peters.de\/apotheke\/wp-json\/wp\/v2\/product"}],"about":[{"href":"https:\/\/dr-m-peters.de\/apotheke\/wp-json\/wp\/v2\/types\/product"}],"replies":[{"embeddable":true,"href":"https:\/\/dr-m-peters.de\/apotheke\/wp-json\/wp\/v2\/comments?post=159"}],"wp:featuredmedia":[{"embeddable":true,"href":"https:\/\/dr-m-peters.de\/apotheke\/wp-json\/wp\/v2\/media\/160"}],"wp:attachment":[{"href":"https:\/\/dr-m-peters.de\/apotheke\/wp-json\/wp\/v2\/media?parent=159"}],"wp:term":[{"taxonomy":"product_brand","embeddable":true,"href":"https:\/\/dr-m-peters.de\/apotheke\/wp-json\/wp\/v2\/product_brand?post=159"},{"taxonomy":"product_cat","embeddable":true,"href":"https:\/\/dr-m-peters.de\/apotheke\/wp-json\/wp\/v2\/product_cat?post=159"},{"taxonomy":"product_tag","embeddable":true,"href":"https:\/\/dr-m-peters.de\/apotheke\/wp-json\/wp\/v2\/product_tag?post=159"}],"curies":[{"name":"wp","href":"https:\/\/api.w.org\/{rel}","templated":true}]}}